{"id":2,"date":"2016-03-18T08:43:16","date_gmt":"2016-03-18T07:43:16","guid":{"rendered":"https:\/\/sites.cnam.fr\/wong5\/?page_id=2"},"modified":"2016-04-28T17:39:05","modified_gmt":"2016-04-28T16:39:05","slug":"page-d-exemple","status":"publish","type":"page","link":"https:\/\/www.wong5.fr\/?page_id=2","title":{"rendered":"Objectifs"},"content":{"rendered":"<p align=\"justify\">Les objectifs du WONG5 (<strong><u>W<\/u><\/strong>aveforms M<strong><u>O<\/u><\/strong>dels for Machine Types Commu<strong><u>N<\/u><\/strong>ication inte<strong><u>G<\/u><\/strong>rating <strong><u>5<\/u><\/strong>G Networks) \u00a0sont l\u2019\u00e9tude et la proposition de la forme d\u2019onde (FO) la mieux adapt\u00e9e \u00e0 la couche physique des syst\u00e8mes de type Critical Machine Type Communication (C-MTC). Le march\u00e9 des MTC est estim\u00e9 \u00e0 50 milliards de machines connect\u00e9es d\u2019ici 2020, avec l\u2019\u00e9mergence de l\u2019internet des objets. Les C-MTC repr\u00e9senteront une part importante de l\u2019activit\u00e9 et des flux transmis.<\/p>\n<p align=\"justify\">Les domaines d\u2019application des C-MTC sont les communications entre machines autonomes dans (1) les processus de production manufacturiers (contr\u00f4le\/commande de machines industrielles autonomes, engins autonomes), (2) la surveillance et la s\u00e9curit\u00e9 en environnements contraints (drones, robots mobiles en environnements difficiles, t\u00e9l\u00e9surveillance\/d\u00e9tection d\u2019intrusion, r\u00e9seaux de capteurs), (3) les syst\u00e8mes de contr\u00f4le et de s\u00e9curit\u00e9 des circulations automobiles (Intelligent Transport Systems, analyse de trafic autoroutier) .<\/p>\n<p align=\"justify\">Pour les C-MTC, les donn\u00e9es \u00e9chang\u00e9es peuvent \u00eatre sporadiques (surveillance, alarmes) ou r\u00e9p\u00e9titives (contr\u00f4le\/commande) avec des tailles de paquets \u00e9chang\u00e9s importantes de l\u2019ordre de plusieurs Kilo-octets (images fixes ou anim\u00e9es). Ces d\u00e9bits importants sont associ\u00e9s \u00e0 une communication fiable et robuste, \u00e0 une faible latence et justifient pleinement\u00a0 l\u2019utilisation de modulations multiporteuses. Fiabilit\u00e9 et latence faible sont absolument critiques pour des applications de contr\u00f4le\/commande, tactiques ou de surveillance\/alarme. Les latences maximales envisag\u00e9es dans WONG5 sont de l\u2019ordre de la milliseconde. Les communications C-MTC doivent \u00eatre asynchrones afin de minimiser les temps d\u2019acc\u00e8s au r\u00e9seau et minimiser les consommations \u00e9nerg\u00e9tiques. Les contraintes d\u2019asynchronisme imposant des FO mutiporteuses avec une densit\u00e9 de puissance hors bande tr\u00e8s faible, les FO \u00e9tudi\u00e9es seront les FO post OFDM filtr\u00e9es.<\/p>\n<p align=\"justify\">Les FO multiporteuses post OFDM \u00e9tudi\u00e9es sont les FO candidates pour la 5G\u00a0:\u00a0 Filter Bank Multi-Carrier-Offet QAM (FBMC-OQAM), Filtered Multi Tone (FMT), Generalized Frequency Division Multiplexing (GFDM), Multi-Carrier Faster-Than-Nyquist signaling (MC-FTN), Unified Filtered Multi Carrier (UFMC), Circular OQAM (WCP-COQAM), Lapped-OFDM.<\/p>\n<p align=\"justify\">Dans un premier temps, une analyse critique et comparative des diff\u00e9rentes FO post OFDM sera \u00e9tablie suivant plusieurs crit\u00e8res tels que l\u2019efficacit\u00e9 spectrale, la densit\u00e9 de puissance hors bande, l\u2019efficacit\u00e9 \u00e9nerg\u00e9tique, la latence, les effets de l\u2019asynchronisme entre \u00e9metteurs\/r\u00e9cepteurs, les techniques MIMO associ\u00e9es et la complexit\u00e9 des modulateurs\/d\u00e9modulateurs.<\/p>\n<p align=\"justify\">Dans un deuxi\u00e8me temps, les FO post OFDM les mieux adapt\u00e9es aux contraintes du C-MTC seront plus particuli\u00e8rement test\u00e9es du point de vue de l\u2019efficacit\u00e9 \u00e9nerg\u00e9tique et du couplage au MIMO. Concernant l\u2019efficacit\u00e9 \u00e9nerg\u00e9tique, des FO \u00e0 faible facteur de cr\u00eate, la r\u00e9duction du PAPR ainsi que la lin\u00e9arisation des amplificateurs de puissance (HPA) seront \u00e9tudi\u00e9es. Les techniques conjointes de lin\u00e9arisation des HPA et de r\u00e9duction du PAPR adapt\u00e9es \u00e0 ces FO particuli\u00e8res seront \u00e9tudi\u00e9es.<\/p>\n<p align=\"justify\">L\u2019apport des techniques MIMO sera \u00e9tudi\u00e9 afin de fiabiliser la liaison et diminuer la latence. Un des objectifs est de lever les verrous technologiques sur l\u2019application des techniques multi-antennes aux FO post OFDM.<\/p>\n<p align=\"justify\">Parall\u00e8lement, en se basant sur l\u2019analyse critique et comparative des FO post OFDM, un des objectifs de WONG5 est l\u2019\u00e9tude et la proposition de nouvelles FO\u00a0 adapt\u00e9es au contexte C-MTC.<br \/>\nA l\u2019issue des \u00e9tudes th\u00e9oriques, la FO la mieux adapt\u00e9e au contexte MIMO sera d\u00e9termin\u00e9e et sa complexit\u00e9 \u00e9valu\u00e9e dans un d\u00e9monstrateur de type SDR.<\/p>\n","protected":false},"excerpt":{"rendered":"<p>Les objectifs du WONG5 (Waveforms MOdels for Machine Types CommuNication inteGrating 5G Networks) \u00a0sont l\u2019\u00e9tude et la proposition de la forme d\u2019onde (FO) la mieux adapt\u00e9e \u00e0 la couche physique des syst\u00e8mes de type Critical Machine Type Communication (C-MTC). Le march\u00e9 des MTC est estim\u00e9 \u00e0 50 milliards de machines connect\u00e9es d\u2019ici 2020, avec l\u2019\u00e9mergence [&hellip;]<\/p>\n","protected":false},"author":1,"featured_media":0,"parent":0,"menu_order":0,"comment_status":"closed","ping_status":"closed","template":"","meta":{"jetpack_post_was_ever_published":false,"footnotes":""},"jetpack_sharing_enabled":true,"jetpack_shortlink":"https:\/\/wp.me\/P7tH0B-2","_links":{"self":[{"href":"https:\/\/www.wong5.fr\/index.php?rest_route=\/wp\/v2\/pages\/2"}],"collection":[{"href":"https:\/\/www.wong5.fr\/index.php?rest_route=\/wp\/v2\/pages"}],"about":[{"href":"https:\/\/www.wong5.fr\/index.php?rest_route=\/wp\/v2\/types\/page"}],"author":[{"embeddable":true,"href":"https:\/\/www.wong5.fr\/index.php?rest_route=\/wp\/v2\/users\/1"}],"replies":[{"embeddable":true,"href":"https:\/\/www.wong5.fr\/index.php?rest_route=%2Fwp%2Fv2%2Fcomments&post=2"}],"version-history":[{"count":9,"href":"https:\/\/www.wong5.fr\/index.php?rest_route=\/wp\/v2\/pages\/2\/revisions"}],"predecessor-version":[{"id":180,"href":"https:\/\/www.wong5.fr\/index.php?rest_route=\/wp\/v2\/pages\/2\/revisions\/180"}],"wp:attachment":[{"href":"https:\/\/www.wong5.fr\/index.php?rest_route=%2Fwp%2Fv2%2Fmedia&parent=2"}],"curies":[{"name":"wp","href":"https:\/\/api.w.org\/{rel}","templated":true}]}}