{"id":23,"date":"2016-03-21T09:38:01","date_gmt":"2016-03-21T08:38:01","guid":{"rendered":"https:\/\/sites.cnam.fr\/wong5\/?page_id=23"},"modified":"2016-04-01T17:56:06","modified_gmt":"2016-04-01T16:56:06","slug":"partenaires","status":"publish","type":"page","link":"https:\/\/www.wong5.fr\/?page_id=23","title":{"rendered":"Partenaires"},"content":{"rendered":"<p align=\"justify\">Le projet comporte des partenaires acad\u00e9miques : Le CNAM et SUPELEC Rennes, un centre de recherche : Le CEA LETI et un industriel\u00a0: THALES. Tous ces partenaires ont une activit\u00e9 dans le domaine des communications multiporteuses et des FO pour la 5G. Ils participent tous \u00e0 plusieurs projets collaboratifs fran\u00e7ais ou europ\u00e9ens sur ces th\u00e9matiques.<\/p>\n<p><img decoding=\"async\" loading=\"lazy\" class=\"size-medium wp-image-93 alignleft\" src=\"https:\/\/sites.cnam.fr\/wong5\/wp-content\/uploads\/2016\/03\/05937356-photo-thales-300x74.jpg\" alt=\"05937356-photo-thales\" width=\"300\" height=\"74\" srcset=\"https:\/\/www.wong5.fr\/wp-content\/uploads\/2016\/03\/05937356-photo-thales-300x74.jpg 300w, https:\/\/www.wong5.fr\/wp-content\/uploads\/2016\/03\/05937356-photo-thales-768x190.jpg 768w, https:\/\/www.wong5.fr\/wp-content\/uploads\/2016\/03\/05937356-photo-thales-1024x253.jpg 1024w, https:\/\/www.wong5.fr\/wp-content\/uploads\/2016\/03\/05937356-photo-thales-1260x311.jpg 1260w\" sizes=\"(max-width: 300px) 100vw, 300px\" \/><\/p>\n<p align=\"justify\"><strong><em><u>THALES\u00a0: <\/u><\/em><\/strong>Fort de plus de 60 000 collaborateurs r\u00e9partis sur cinq continents, le groupe Thales est l\u2019un des leaders fran\u00e7ais et europ\u00e9en des march\u00e9s de l\u2019a\u00e9ronautique, la d\u00e9fense et la s\u00e9curit\u00e9. Thales est \u00e0 la fois int\u00e9grateur de grands syst\u00e8mes et \u00e9quipementier, et ma\u00eetrise les technologies associ\u00e9es \u00e0 l\u2019ensemble de la cha\u00eene de valeur de ces trois grands march\u00e9s. Gr\u00e2ce \u00e0 cette position privil\u00e9gi\u00e9e et \u00e0 un effort de recherche et de d\u00e9veloppement technologique qui mobilise plus de 20% de son chiffre d\u2019affaire, Thales entend maintenir son rang de leader fran\u00e7ais et europ\u00e9en sur les technologies de l\u2019information. Thales est responsable des t\u00e2ches 1 et 5.<\/p>\n<p><img decoding=\"async\" loading=\"lazy\" class=\"size-medium wp-image-88 alignleft\" src=\"https:\/\/sites.cnam.fr\/wong5\/wp-content\/uploads\/2016\/03\/lecnamlogo-300x77.jpg\" alt=\"lecnamlogo\" width=\"300\" height=\"77\" srcset=\"https:\/\/www.wong5.fr\/wp-content\/uploads\/2016\/03\/lecnamlogo-300x77.jpg 300w, https:\/\/www.wong5.fr\/wp-content\/uploads\/2016\/03\/lecnamlogo.jpg 570w\" sizes=\"(max-width: 300px) 100vw, 300px\" \/><\/p>\n<p align=\"justify\">Le <strong><em><u>CNAM<\/u><\/em> <\/strong>est un grand \u00e9tablissement, fond\u00e9 en 1794, et sous la tutelle du minist\u00e8re de l&rsquo;enseignement sup\u00e9rieur et de la recherche. L&rsquo;ensemble des activit\u00e9s de recherche dans le domaine des sciences et technologies de l&rsquo;information et de la communication (STIC) est regroup\u00e9 au sein d&rsquo;un laboratoire (EA1395) appel\u00e9 CEDRIC (Centre de Recherche et Informatique et Communication, 70 permanents et de l\u2019ordre de 70 doctorants). Le CEDRIC est lui-m\u00eame d\u00e9compos\u00e9 en plusieurs \u00e9quipes. L&rsquo;\u00e9quipe LAETITIA (Laboratoire en Electronique T\u00e9l\u00e9communications et Automatique) regroupe 13 membres permanents, 6 membres associ\u00e9s et 10 doctorants et ses activit\u00e9s sont principalement li\u00e9es au traitement du signal pour les t\u00e9l\u00e9communications. Au cours des derni\u00e8res ann\u00e9es l\u2019\u00e9quipe a pilot\u00e9 et termin\u00e9 un important projet europ\u00e9en (PHYDYAS) traitant des FO FBMC. Ce projet a \u00e9t\u00e9 extr\u00eamement f\u00e9d\u00e9rateur pour l&rsquo;\u00e9quipe et il a essaim\u00e9 plusieurs projets sur des th\u00e9matiques proches. Ce projet a donn\u00e9 lieu \u00e0 la labellisation d&rsquo;une suite sous la forme du projet \u00ab\u00a0EMPHATIC\u00a0\u00bb pour le call 8 du FP7 (projet d\u00e9but\u00e9 en octobre 2012) et d\u2019un projet ANR ACCENT5 sur les communications D2D. Le CNAM est responsable des t\u00e2ches 0 et 2.<\/p>\n<p>&nbsp;<\/p>\n<p align=\"justify\"><strong><em><u><img decoding=\"async\" loading=\"lazy\" class=\"size-medium wp-image-91 alignleft\" src=\"https:\/\/sites.cnam.fr\/wong5\/wp-content\/uploads\/2016\/03\/887853cddec4556d2716ad07e07ee29a-300x154.jpeg\" alt=\"887853cddec4556d2716ad07e07ee29a\" width=\"300\" height=\"154\" srcset=\"https:\/\/www.wong5.fr\/wp-content\/uploads\/2016\/03\/887853cddec4556d2716ad07e07ee29a-300x154.jpeg 300w, https:\/\/www.wong5.fr\/wp-content\/uploads\/2016\/03\/887853cddec4556d2716ad07e07ee29a-768x394.jpeg 768w, https:\/\/www.wong5.fr\/wp-content\/uploads\/2016\/03\/887853cddec4556d2716ad07e07ee29a-1024x525.jpeg 1024w, https:\/\/www.wong5.fr\/wp-content\/uploads\/2016\/03\/887853cddec4556d2716ad07e07ee29a.jpeg 1152w\" sizes=\"(max-width: 300px) 100vw, 300px\" \/>CentraleSup\u00e9lec, Campus de <\/u><\/em><\/strong><strong><em><u>Rennes<\/u><\/em><\/strong>\u00a0: CentraleSup\u00e9lec est une \u00e9cole d\u2019ing\u00e9nieurs publique, cr\u00e9\u00e9e en 2015. Elle se substitue \u00e0 l&rsquo;<a href=\"http:\/\/fr.wikipedia.org\/wiki\/%C3%89cole_centrale_Paris\">\u00c9cole Centrale Paris<\/a> (dont le nom officiel est\u00a0<em>\u00c9cole centrale des arts et manufactures<\/em>) et \u00e0 <a href=\"http:\/\/fr.wikipedia.org\/wiki\/%C3%89cole_sup%C3%A9rieure_d%27%C3%A9lectricit%C3%A9\">Sup\u00e9lec<\/a> (<em>\u00c9cole sup\u00e9rieure d&rsquo;\u00e9lectricit\u00e9<\/em>). Elle est plac\u00e9e sous la tutelle conjointe du Ministre charg\u00e9 de l\u2019industrie et du Ministre charg\u00e9 de l&rsquo;enseignement sup\u00e9rieur et est compos\u00e9e de quatre campus: <a href=\"http:\/\/fr.wikipedia.org\/wiki\/Ch%C3%A2tenay-Malabry\">Ch\u00e2tenay-Malabry<\/a>, <a href=\"http:\/\/fr.wikipedia.org\/wiki\/Gif-sur-Yvette\">Gif-sur-Yvette<\/a>, <a href=\"http:\/\/fr.wikipedia.org\/wiki\/Metz\">Metz<\/a>, <a href=\"http:\/\/fr.wikipedia.org\/wiki\/Rennes\">Rennes<\/a>. L&rsquo;Equipe SCEE (Signal Communications Electronique Embarqu\u00e9e) du campus de Renens, \u00e9quipe dans laquelle se d\u00e9rouleront les \u00e9tudes du projet WONG5 est une \u00e9quipe de recherche de l&rsquo;ex-Sup\u00e9lec. SCEE (\u00e9quipe membre de l&rsquo;IETR, UMR du CNRS) compte 10 permanents, une quinzaine de doctorants et quelques post-docs. La th\u00e9matique de SCEE est l\u2019\u00e9tude des futurs syst\u00e8mes de communications bas\u00e9s sur les trois concepts de radio logicielle, radio intelligente et Ecoradio. L\u2019efficacit\u00e9 \u00e9nerg\u00e9tique et les formes d&rsquo;ondes multi-porteuses sont dans ce contexte des d\u2019\u00e9tudes tr\u00e8s importantes dans l\u2019\u00e9quipe SCEE et depuis de nombreuses ann\u00e9es notamment dans les projets nationaux (ANR PROFIL, ANR ACCENT 5, FUI AMBRUN, PME Images et R\u00e9seaux AMONT) ou europ\u00e9ens (Newcom#, CELTIC B21C, CELTIC SHARING). Pour le projet WONG5, CentraleSup\u00e9lec est responsable de la t\u00e2che 3.<\/p>\n<p>&nbsp;<\/p>\n<p align=\"justify\"><img decoding=\"async\" loading=\"lazy\" class=\"wp-image-134  alignleft\" src=\"https:\/\/sites.cnam.fr\/wong5\/wp-content\/uploads\/2016\/03\/CEA_logo_quadri-sur-fond-rouge-300x245.jpg\" alt=\"\" width=\"209\" height=\"171\" srcset=\"https:\/\/www.wong5.fr\/wp-content\/uploads\/2016\/03\/CEA_logo_quadri-sur-fond-rouge-300x245.jpg 300w, https:\/\/www.wong5.fr\/wp-content\/uploads\/2016\/03\/CEA_logo_quadri-sur-fond-rouge-768x627.jpg 768w, https:\/\/www.wong5.fr\/wp-content\/uploads\/2016\/03\/CEA_logo_quadri-sur-fond-rouge.jpg 787w\" sizes=\"(max-width: 209px) 100vw, 209px\" \/>Le <strong><em><u>CEA LETI <\/u><\/em><\/strong>est un laboratoire public appartenant au Commissariat \u00e0 l&rsquo;Energie Atomique et aux Energies Alternatives menant des travaux de R&amp;D dans le domaine de la micro\u00e9lectronique et des syst\u00e8mes \u00e9lectroniques. Dans le cadre de ce projet, le LETI apporte sa comp\u00e9tence et son expertise dans le domaine des transmissions radio\u00e9lectriques et, plus particuli\u00e8rement en \u00e9tudes de syst\u00e8mes multi-porteuses. Dans ce domaine, le LETI effectue non seulement des travaux de mod\u00e9lisation et de simulation, mais r\u00e9alise \u00e9galement des maquettes mettant en \u0153uvre des circuits int\u00e9gr\u00e9s sp\u00e9cifiques (ASICs) d\u00e9velopp\u00e9s par ses \u00e9quipes de concepteurs. Le LETI effectue 80 % de ses activit\u00e9s dans le domaine de la recherche appliqu\u00e9e pour des partenaires ext\u00e9rieurs au CEA. Le LETI a \u00e9galement un important portefeuille de brevets (de l&rsquo;ordre de 500 brevets). Au cours des derni\u00e8res ann\u00e9es, le LETI a particip\u00e9 activement \u00e0 diff\u00e9rents projets (QOSMOS, 5GNOW, ANR PROFIL) dont les th\u00e9matiques tournent autour des nouvelles formes d\u2019ondes post OFDM. Le LETI poss\u00e8de \u00e9galement de nombreux brevets sur le sujet des formes d\u2019ondes post OFDM. Le CEA sera le responsable de la t\u00e2che 4.<\/p>\n","protected":false},"excerpt":{"rendered":"<p>Le projet comporte des partenaires acad\u00e9miques : Le CNAM et SUPELEC Rennes, un centre de recherche : Le CEA LETI et un industriel\u00a0: THALES. Tous ces partenaires ont une activit\u00e9 dans le domaine des communications multiporteuses et des FO pour la 5G. Ils participent tous \u00e0 plusieurs projets collaboratifs fran\u00e7ais ou europ\u00e9ens sur ces th\u00e9matiques. [&hellip;]<\/p>\n","protected":false},"author":1,"featured_media":0,"parent":0,"menu_order":0,"comment_status":"closed","ping_status":"closed","template":"","meta":{"jetpack_post_was_ever_published":false,"footnotes":""},"jetpack_sharing_enabled":true,"jetpack_shortlink":"https:\/\/wp.me\/P7tH0B-n","_links":{"self":[{"href":"https:\/\/www.wong5.fr\/index.php?rest_route=\/wp\/v2\/pages\/23"}],"collection":[{"href":"https:\/\/www.wong5.fr\/index.php?rest_route=\/wp\/v2\/pages"}],"about":[{"href":"https:\/\/www.wong5.fr\/index.php?rest_route=\/wp\/v2\/types\/page"}],"author":[{"embeddable":true,"href":"https:\/\/www.wong5.fr\/index.php?rest_route=\/wp\/v2\/users\/1"}],"replies":[{"embeddable":true,"href":"https:\/\/www.wong5.fr\/index.php?rest_route=%2Fwp%2Fv2%2Fcomments&post=23"}],"version-history":[{"count":6,"href":"https:\/\/www.wong5.fr\/index.php?rest_route=\/wp\/v2\/pages\/23\/revisions"}],"predecessor-version":[{"id":135,"href":"https:\/\/www.wong5.fr\/index.php?rest_route=\/wp\/v2\/pages\/23\/revisions\/135"}],"wp:attachment":[{"href":"https:\/\/www.wong5.fr\/index.php?rest_route=%2Fwp%2Fv2%2Fmedia&parent=23"}],"curies":[{"name":"wp","href":"https:\/\/api.w.org\/{rel}","templated":true}]}}